-4
Let t(y) = 2*y**2 - 4*y + 2*y**3 - y**3 - 7*y**2 + 3*y. Suppose -a + 2 = -q + 3, q + 4*a - 16 = 0. Give t(q).
-20
Let h be 57 + (-10 - (-12)/4). Suppose -1017*a + h = -1007*a. Let g(p) = p**3 - 5*p**2 + 2*p - 7. Give g(a).
3
Let h(o) be the first derivative of o**3/3 - 5*o**2 - 5*o + 8750. What is h(5)?
-30
Let d(w) = w**3 + 3*w**2 + 4*w + 5. Let x be d(0). Suppose 5*r = -5*y + r + 15, 4*y = x*r + 12. Let u(c) = c**2 + 2*c - 5. Give u(y).
10
Suppose 306 = 16*h - 13*h. Suppose -6*s = -h + 66. Let t(k) = s*k**2 + k**2 - k**3 - 6 - 2*k**2. What is t(5)?
-6
Let l(y) = -y**3 - 7*y**2 - 5*y - 8. Suppose -2*p - 4*a = 0, -5*p - 2*a = -6*a - 56. Let i be (p/6)/(58/(-261)). What is l(i)?
-14
Let l(q) = q**2 + 5*q + 23. Let u(t) = -11*t**2 - 66*t - 273. Let y(p) = -12*l(p) - u(p). Let z(m) = -2*m**3 - 3*m**2 - 2*m - 1. Let h be z(-2). Determine y(h).
-10
Let k(n) = 5 + 22*n - 17 - 4*n**2 + 9*n**2 - 9*n. Let i(b) = b**2 - 1. Let y(h) = 6*i(h) - k(h). Give y(12).
-6
Let g(p) = p**2 - p - 2. Let q be g(4). Let n(h) = -3*h**2 + h + 3. Let u(x) = -5*x**2 - 8*x - 3. Let c(o) = -2*n(o) + u(o). Give c(q).
-9
Let c(f) = -5*f**2 - 102*f - 50. Let p(i) = 5*i**2 + 168*i - 649. Let d be p(-37). What is c(d)?
-10
Let p(d) = -d**2 - 24. Let f(t) = 3*t**3 + 164*t**2 + 108*t. Let g be f(-54). Give p(g).
-24
Let w = 396 + -208. Suppose 0 = 16*n - 28 + w. Let b(l) = l**3 + 9*l**2 - 11*l - 13. Give b(n).
-3
Let u = -9 - -13. Suppose 6 - u = -2*b. Let x(r) = 7*r + 55. Let o(i) = -13*i - 101. Let d(v) = 6*o(v) + 11*x(v). What is d(b)?
0
Let h(p) = p + 2. Let q(u) = -2*u**2 + 5. Let k(f) = 3*h(f) - q(f). Let z be -4 + 2 + 9/3. Suppose -4*v + z - 13 = 0. What is k(v)?
10
Let u(q) = q + 16. Let d = 155 - 62. Suppose 91*a = d*a. What is u(a)?
16
Let q(r) = -544*r**3 + 4*r - 2*r + 36 + 543*r**3 - 16*r**2. Determine q(-16).
4
Let x(g) = 14*g**3 + 20*g**2 + 66*g - 32. Let m(l) = 16*l**3 + 20*l**2 + 71*l - 33. Let j(i) = -8*m(i) + 9*x(i). Determine j(11).
20
Let p(d) = d**2 - 89. Let c be (198/55)/((-2)/(-20)*4). Let o be p(c). Let b(i) = -4*i - 11. What is b(o)?
21
Let l(w) = -w**2 + 17*w - 46. Let b(c) = 173*c + 877. Let a be b(-5). What is l(a)?
14
Let f(z) = 186*z - 131*z - 56*z - 14*z**2. Let y(i) = i + 3. Let p be y(-4). Determine f(p).
-13
Let p(o) = o**3 + 39*o**2 - 39*o + 44. Let u = -11643 + 11603. Calculate p(u).
4
Suppose 5*x + 32 = x. Let s be (x/(-3))/((-3)/(-9)). Let y(h) = 4 - s + 0*h - h + 8 - h**2. Calculate y(-4).
-8
Let p(s) be the first derivative of s**4/4 - 2*s**3 + 2*s**2 + 11*s + 872. Calculate p(6).
35
Suppose -2900*j + 580 - 8 = -2856*j. Let o(c) = c**3 - 13*c**2 - 13*c - 17. What is o(j)?
-186
Let d(m) = 215*m + 15894. Let g be d(-74). Let v(u) = u**3 + 17*u**2 + 17*u + 11. Determine v(g).
-5
Let a = 2 + 1. Let b(h) = -159 - 153 - 188 - 4*h + 502 + h**2. What is b(a)?
-1
Let s(x) = x**3 + 4*x**2 - 6*x - 1. Let y(k) = k**3 + 4*k**2 - 6*k. Let i = -255 + 251. Let u(w) = i*s(w) + 5*y(w). Calculate u(-5).
9
Let y(u) = 14*u**2 - 8*u - 7. Let i(b) = -4*b**2 + b + 2. Let s(c) = 9*i(c) + 2*y(c). Calculate s(-5).
-161
Let y(x) = 21*x**2 + 8*x + 12. Let n(s) = -15*s**2 - 10*s - 12. Let p(a) = -3*n(a) - 2*y(a). Determine p(-5).
17
Let p(r) = 6*r + 4. Let u be (-2)/27 - 85936/(-14148). Calculate p(u).
40
Let c(j) be the second derivative of 1/720*j**6 + 33*j - 10/3*j**4 + 0*j**2 + 0 + 0*j**3 + 1/30*j**5. Let w(o) be the third derivative of c(o). What is w(-2)?
2
Let m(f) = 203*f - 208. Let o(d) = 562*d - 626. Let i(n) = 11*m(n) - 4*o(n). Give i(16).
-24
Let u(n) be the second derivative of -n**5/20 - 29*n**4/12 - 23*n**3 - 3*n**2 - 61*n + 5. Give u(-23).
-6
Let i(f) = -57*f**3 + 195*f**2 + 70*f - 127. Let m(u) = -27*u**3 - u**2 + u. Let w(l) = -i(l) + 2*m(l). What is w(66)?
-5
Let l(b) = b**3 - 1 + 2*b - b**2 - 4*b**3 + 0*b**2. Suppose 48 = -66*s + 114. Give l(s).
-3
Let c(u) = 5 + 8*u - u**3 + 3*u - 2 - 4*u + 6*u**2. Let o be c(7). Suppose -52 = o*p - 40. Let m(r) = r**3 + 4*r**2 - 4*r - 5. Calculate m(p).
11
Let o be -11 + -31 + 14 + 27. Let h(j) = -37*j + 1. Determine h(o).
38
Let s(r) = -27*r - 290. Let v be s(-11). Let a(y) = 5*y - 8 - 12 - v*y + y**2 + 4. Give a(6).
8
Suppose -487 = -3*z - 4*b, 7 = -4*b - 1. Let l(s) = s - z - 149 + 325. Calculate l(-4).
7
Suppose -z - 4*d + 220 = 200, z + 15 = d. Let f(w) = -w**3 - 10*w**2 - 15*w + 5. Give f(z).
-3
Let x(i) = 7*i + 2 + i**2 - 6*i + 18. Suppose h - 2*h = 2*h. Determine x(h).
20
Let w = -2510 + 2515. Let c(f) be the first derivative of 7 + 3/2*f**2 - w*f. Calculate c(4).
7
Suppose -6*i = -163 + 139. Let t(a) = 8*a + i*a**2 - 10 - a**2 + 5*a**2 - 7*a**2 - 6*a. Calculate t(0).
-10
Let r be (16/12 + 0)*63/14. Let i(m) = m**3 - 5*m**2 - 6*m + 10. Give i(r).
10
Suppose 0 = 26*w - 46 - 6. Let n(g) = -13*g - 25 - 128*g**2 + 4*g + 64*g**w + 63*g**2. What is n(-6)?
-7
Suppose 12 = 9*u - 5 - 55. Let b(a) = 0 + 0*a**2 - 9*a + a**2 + 10. Determine b(u).
2
Let n(h) = 4*h - 31. Let t(k) = -2*k**3 - 16*k**2 + 32*k + 111. Let s be t(-9). Give n(s).
-91
Let c be 2/((-5)/3 + 1). Let g(p) = -6*p**2 - 3*p + 1. Let o(t) = 48*t**2 - 41*t**2 + 0*t - 2 + 3*t. Let i(k) = 6*g(k) + 5*o(k). Give i(c).
-4
Let u(w) = -w + 6. Suppose 9*t + 19 = 73. Let n be ((-2)/t)/((-2)/(-66)). Let f(i) = 2*i**2 + 22*i + 5. Let s be f(n). Calculate u(s).
1
Suppose -3*k + 2*z - 7 + 39 = 0, 5*z = 5*k - 45. Let f(h) = -h**2 + 12 - 27 + k*h - 15. Let a be f(12). Let q(y) = y. Give q(a).
-6
Let o(w) = 2*w**2 - 7*w - 587. Let k be o(19). Let t(y) be the second derivative of 0 - 1/2*y**2 - 1/3*y**3 - k*y - 1/12*y**4 - 1/20*y**5. Calculate t(-2).
7
Suppose 2*k + 3 = 13. Suppose -189*d = -217*d. Let v(g) = d*g - 101 + 100 - k*g - g**2. What is v(-4)?
3
Let q(f) be the second derivative of f**3/3 + 3*f**2/2 + 14*f + 36. Calculate q(14).
31
Let f be 6/(-8) - (-1 - (-21)/(-12)). Let n(g) = -g - 47*g**f + 141*g**2 - 50*g**2 - 46*g**2. Determine n(1).
-3
Let h = -6468 - -6472. Let m(f) = -f**3 + 5*f**2 - 4*f + 4. Calculate m(h).
4
Let t(i) = 774*i + 2007. Let a(l) = -555*l - 1338. Let w(p) = -7*a(p) - 5*t(p). Calculate w(45).
6
Let a(l) = 4*l**2 + 7*l - 3*l - 4 - 2*l**2 + l**3 - 2 + 4. Calculate a(-5).
-97
Let h(i) be the second derivative of i**3/3 + i**2 + 2*i. Let z be -2*(1 + (-5)/6 + (-1)/(-3)). Give h(z).
0
Suppose 2*q + 32 = -2*o - 2*o, -4*o - 3*q = 34. Suppose -10*v - 72 + 252 = 0. Let r(n) = 38*n - v*n - 19*n + 7 + 1. Calculate r(o).
1
Let y be (4 - (-200)/(-52)) + 74/26. Let t(r) be the first derivative of -4*r**2 + 3*r - 648. Determine t(y).
-21
Let u = -1341 + 1344. Let y(g) = g + 1. Let q(i) = -7*i - 8. Let s(c) = q(c) + 4*y(c). Determine s(u).
-13
Let j(q) = q**3 - 12*q**2 + 22*q - 18. Suppose 161*i = -32*i + 1930. What is j(i)?
2
Suppose -58 = -4*l + 202. Suppose 152 = -63*h + l*h. Let b = h + -77. Let u(k) = 4*k**3 + 2*k**2 + 2*k + 1. What is u(b)?
-3
Suppose 0 = -2*w + 3*v - 89 + 82, -7*w = v + 36. Let u(i) = -4*i**3 - i**2 + 6*i + 3. Let m(o) = -5*o**3 + 6*o + 4. Let y(t) = 3*m(t) - 4*u(t). Give y(w).
5
Suppose 0*y = -2*y + 30. Suppose -4*u - y + 19 = 0. Let t(o) = 3 - 3 - 1 - 17*o. Determine t(u).
-18
Suppose 2*i + 2*i - 5*j + 22 = 0, -2*i = 3*j. Let f be ((-4)/i)/(-4)*-27. Let u be ((-14)/(-10))/(f/(-45)). Let k(s) = s**3 + 8*s**2 + 8*s - 1. What is k(u)?
-8
Let s(z) = -9*z - 2. Let x(l) = l**2 - 68*l + 269. Let y(n) = -3*s(n) + x(n). Calculate y(33).
11
Let i(f) = f**3 + 3*f**2 - 3*f + 5. Let r be i(-6). Let c = r - -85. Let b(o) = o**2 - o - 16. Calculate b(c).
-16
Suppose -12 = -4*f + 2*v, -5*f - v = -13*v - 72. Let z(b) be the second derivative of -3/2*b**2 + 0*b**3 - 1/12*b**4 + f + 28*b. Calculate z(-3).
-12
Suppose 170*o - 5*g + 85 = 166*o, 0 = -o - g - 19. Let x(d) = -d - 24. What is x(o)?
-4
Suppose f + 3*f = 32. Suppose -5*t + 47 = -4*y, -f*t + 5*y = -3*t - 50. Let p(g) = g**2 - 14*g + 10. Let l(m) = 3*m. Let k(u) = -2*l(u) - p(u). Calculate k(t).
-3
Let r(i) be the second derivative of -5*i**3/6 - 9*i**2/2 + 128*i. Let g(w) = -w**3 - 4*w**2 + 6*w + 2. Let v be g(-5). Determine r(v).
6
Let a(r) = 2*r**3 + 3*r**2 + 29*r - 21. Let d be a(9). Let p(c) = 4*c - 1944 + 4*c + d. Determine p(5).
37
Suppose -99*i + 100*i = 5. Let o(u) = -2 + i*u - 6*u + 2*u**2 + 4*u + u**3 - 5*u. What is o(2)?
10
Let w = 210 - 215. Let t be (6*16/(-12))/(-1). 